{"id":280,"date":"2020-03-04T01:08:06","date_gmt":"2020-03-04T01:08:06","guid":{"rendered":"http:\/\/www.drszabo.hu\/?page_id=280"},"modified":"2020-03-09T13:47:15","modified_gmt":"2020-03-09T13:47:15","slug":"arak","status":"publish","type":"page","link":"http:\/\/www.drszabo.hu\/?page_id=280","title":{"rendered":"D\u00edjszab\u00e1s"},"content":{"rendered":"\n<p><strong>Ford\u00edt\u00e1sok<\/strong>:<br>Az \u00edrott sz\u00f6vegek \u00e1r\u00e1t \u00e1ltal\u00e1ban a forr\u00e1snyelvi (ford\u00edtand\u00f3 nyelv) vagy a c\u00e9lnyelvi (leford\u00edtott) le\u00fct\u00e9sek  \/ sz\u00f3sz\u00e1m sz\u00e1m alapj\u00e1n kalkul\u00e1lj\u00e1k, mivel ez egy gyorsan \u00e9s egyszer\u0171en m\u00e9rhet\u0151 mennyis\u00e9g (a Wordben az \u201eEszk\u00f6z\u00f6k\u201d men\u00fcpont alatt tal\u00e1lhat\u00f3).<br>Az \u00e1r f\u00fcgg a ford\u00edtand\u00f3 sz\u00f6veg t\u00edpus\u00e1t\u00f3l, jelleg\u00e9t\u0151l, illetve att\u00f3l is, hogy az \u00fcgyf\u00e9l milyen hat\u00e1rid\u0151vel k\u00e9ri az anyagot (&#8220;s\u00fcrg\u0151ss\u00e9g&#8221;).<br>Az \u00e1rat minden esetben a ford\u00edtand\u00f3 sz\u00f6veg ismeret\u00e9ben kalkul\u00e1ljuk, ez\u00e9rt amikor \u00e1raj\u00e1nlatot k\u00e9r, sz\u00edveskedj\u00e9k a ford\u00edtand\u00f3 sz\u00f6veget is csatolni. <br>V\u00e1rom megkeres\u00e9s\u00e9t!<\/p>\n\n\n\n<figure class=\"wp-block-image size-large\"><img loading=\"lazy\" width=\"1024\" height=\"849\" src=\"http:\/\/www.drszabo.hu\/wp-content\/uploads\/2020\/03\/IT-HU-1024x849.jpg\" alt=\"\" class=\"wp-image-281\" srcset=\"http:\/\/www.drszabo.hu\/wp-content\/uploads\/2020\/03\/IT-HU-1024x849.jpg 1024w, http:\/\/www.drszabo.hu\/wp-content\/uploads\/2020\/03\/IT-HU-300x249.jpg 300w, http:\/\/www.drszabo.hu\/wp-content\/uploads\/2020\/03\/IT-HU-768x637.jpg 768w, http:\/\/www.drszabo.hu\/wp-content\/uploads\/2020\/03\/IT-HU-1536x1273.jpg 1536w, http:\/\/www.drszabo.hu\/wp-content\/uploads\/2020\/03\/IT-HU-2048x1698.jpg 2048w, http:\/\/www.drszabo.hu\/wp-content\/uploads\/2020\/03\/IT-HU-1200x995.jpg 1200w\" sizes=\"(max-width: 709px) 85vw, (max-width: 909px) 67vw, (max-width: 1362px) 62vw, 840px\" \/><figcaption>Forr\u00e1snyelv \u00e9s c\u00e9lnyelv<\/figcaption><\/figure>\n\n\n\n<p><strong>Tolm\u00e1csol\u00e1s<\/strong>:<br>A tolm\u00e1csol\u00e1s d\u00edja f\u00fcgg annak jelleg\u00e9t\u0151l (l\u00e1sd: <strong>Tolm\u00e1csol\u00e1s men\u00fcpont<\/strong>) \u00e9s az id\u0151tartam\u00e1t\u00f3l (pl. minden megkezdett munka\u00f3ra, f\u00e9l nap, eg\u00e9sz nap).<br>Amennyiben  a tolm\u00e1csnak vid\u00e9kre vagy k\u00fclf\u00f6ldre kell utaznia amunk\u00e1ra, az \u00fatik\u00f6lts\u00e9g, az \u00e9tkez\u00e9s(ek) \u00e9s a sz\u00e1ll\u00e1s k\u00f6lts\u00e9ge a megrendel\u0151t terheli.<br>Tolm\u00e1csol\u00e1sra is a konkr\u00e9t munka ismeret\u00e9ben tudok \u00e1raj\u00e1nlatot adni, keressen bizalommal!<\/p>\n\n\n\n<figure class=\"wp-block-image size-large\"><img loading=\"lazy\" width=\"1024\" height=\"768\" src=\"http:\/\/www.drszabo.hu\/wp-content\/uploads\/2020\/03\/BUD-aereo-1024x768.jpg\" alt=\"\" class=\"wp-image-286\" srcset=\"http:\/\/www.drszabo.hu\/wp-content\/uploads\/2020\/03\/BUD-aereo-1024x768.jpg 1024w, http:\/\/www.drszabo.hu\/wp-content\/uploads\/2020\/03\/BUD-aereo-300x225.jpg 300w, http:\/\/www.drszabo.hu\/wp-content\/uploads\/2020\/03\/BUD-aereo-768x576.jpg 768w, http:\/\/www.drszabo.hu\/wp-content\/uploads\/2020\/03\/BUD-aereo-1536x1152.jpg 1536w, http:\/\/www.drszabo.hu\/wp-content\/uploads\/2020\/03\/BUD-aereo-2048x1536.jpg 2048w, http:\/\/www.drszabo.hu\/wp-content\/uploads\/2020\/03\/BUD-aereo-1200x900.jpg 1200w\" sizes=\"(max-width: 709px) 85vw, (max-width: 909px) 67vw, (max-width: 1362px) 62vw, 840px\" \/><figcaption>A t\u00e9r \u00e9s az id\u0151 f\u00fcggv\u00e9ny\u00e9ben <\/figcaption><\/figure>\n","protected":false},"excerpt":{"rendered":"<p>Ford\u00edt\u00e1sok:Az \u00edrott sz\u00f6vegek \u00e1r\u00e1t \u00e1ltal\u00e1ban a forr\u00e1snyelvi (ford\u00edtand\u00f3 nyelv) vagy a c\u00e9lnyelvi (leford\u00edtott) le\u00fct\u00e9sek \/ sz\u00f3sz\u00e1m sz\u00e1m alapj\u00e1n kalkul\u00e1lj\u00e1k, mivel ez egy gyorsan \u00e9s egyszer\u0171en m\u00e9rhet\u0151 mennyis\u00e9g (a Wordben az \u201eEszk\u00f6z\u00f6k\u201d men\u00fcpont alatt tal\u00e1lhat\u00f3).Az \u00e1r f\u00fcgg a ford\u00edtand\u00f3 sz\u00f6veg t\u00edpus\u00e1t\u00f3l, jelleg\u00e9t\u0151l, illetve att\u00f3l is, hogy az \u00fcgyf\u00e9l milyen hat\u00e1rid\u0151vel k\u00e9ri az anyagot (&#8220;s\u00fcrg\u0151ss\u00e9g&#8221;).Az \u00e1rat minden &hellip; <a href=\"http:\/\/www.drszabo.hu\/?page_id=280\" class=\"more-link\">Continue reading<span class=\"screen-reader-text\"> &#8220;D\u00edjszab\u00e1s&#8221;<\/span><\/a><\/p>\n","protected":false},"author":1,"featured_media":0,"parent":0,"menu_order":0,"comment_status":"closed","ping_status":"closed","template":"","meta":[],"_links":{"self":[{"href":"http:\/\/www.drszabo.hu\/index.php?rest_route=\/wp\/v2\/pages\/280"}],"collection":[{"href":"http:\/\/www.drszabo.hu\/index.php?rest_route=\/wp\/v2\/pages"}],"about":[{"href":"http:\/\/www.drszabo.hu\/index.php?rest_route=\/wp\/v2\/types\/page"}],"author":[{"embeddable":true,"href":"http:\/\/www.drszabo.hu\/index.php?rest_route=\/wp\/v2\/users\/1"}],"replies":[{"embeddable":true,"href":"http:\/\/www.drszabo.hu\/index.php?rest_route=%2Fwp%2Fv2%2Fcomments&post=280"}],"version-history":[{"count":5,"href":"http:\/\/www.drszabo.hu\/index.php?rest_route=\/wp\/v2\/pages\/280\/revisions"}],"predecessor-version":[{"id":314,"href":"http:\/\/www.drszabo.hu\/index.php?rest_route=\/wp\/v2\/pages\/280\/revisions\/314"}],"wp:attachment":[{"href":"http:\/\/www.drszabo.hu\/index.php?rest_route=%2Fwp%2Fv2%2Fmedia&parent=280"}],"curies":[{"name":"wp","href":"https:\/\/api.w.org\/{rel}","templated":true}]}}